List the prime factors of j.
2, 3
Let t be 10/(-4)*(10 + 468/(-45)). Let x be (-1)/(-7) - (-50)/(-7). List the prime factors of x/((-28)/968) + t + -1.
2, 11
Let i = -104 - -105. Let r be (-240)/(-108) - (i - 7/9). List the prime factors of 65 - 67 - r*(-7 - 0).
2, 3
Suppose 2*u = 3*y + 28273, 14*u + y - 42382 = 11*u. List the prime factors of u.
71, 199
Let f = 27014 + -17469. List the prime factors of f.
5, 23, 83
Let m = 2245 - 1254. List the prime factors of m.
991
Let q = -201 + 2076. List the prime factors of q.
3, 5
Let l = 9728 - 3958. List the prime factors of l.
2, 5, 577
Let c(m) be the first derivative of -47*m**2/2 + 129*m + 334. List the prime factors of c(-29).
2, 373
Suppose 0 = -21*n + 24*n - 1275. Suppose -5*o - 4*z + 2080 = 0, -6*z = -o - 5*z + n. List the prime factors of o.
2, 3, 5, 7
Suppose -2*z - 3*n = -29, 4*n = 38*z - 34*z - 28. Let u = -15 - -21. What are the prime factors of z*(45/u - 3)?
3, 5
Suppose -1496 = -3*t - 2*w, 5*t + 0*t = -w + 2484. Suppose -15*p - 31 = -t. What are the prime factors of p?
31
List the prime factors of 7 - 16 - -1632 - -10.
23, 71
Suppose 2*u - 68 = -0*u. Suppose 30 = -4*q - u. List the prime factors of (20/q)/((-5)/140).
5, 7
What are the prime factors of ((-368)/(-69) + -3 + -2)*(2 - -176737)?
58913
Suppose -30*q + 112 = -23*q. List the prime factors of 5/(40/(-5268))*q/(-12).
2, 439
List the prime factors of (-1 - (-3)/15)*-7457 - (-188)/470.
2, 19, 157
Let q = 34 + -32. Suppose q*w = -330 + 42. Let p = 211 + w. List the prime factors of p.
67
Let m be 601*((-10)/2)/5. Let c = -325 - m. List the prime factors of c.
2, 3, 23
Let b = 199 + -190. Let g be (-1 + -38)*52/(-6). Suppose 8*l - g = -4*u + 6*l, b = 3*l. List the prime factors of u.
83
Let b(y) = -93*y - 115. Let m be b(-14). Let u = 2170 - m. List the prime factors of u.
983
Let a(f) be the first derivative of -f**4/4 + f**3/3 - 13*f**2/2 - 10*f - 43. Let q be a(-6). Let v = q + -214. List the prime factors of v.
2, 53
Let s(q) = -5*q + 11. Let n(r) = 6*r - 10. Let a(h) = -2*n(h) - 3*s(h). Let o be a(7). Suppose -924 = -15*m + o*m. List the prime factors of m.
2, 3, 11
Suppose -136*p + 24*p = -5785584. List the prime factors of p.
3, 67, 257
Let o = 43131 - 25375. List the prime factors of o.
2, 23, 193
Let r(b) = 5*b**3 + 4*b**2 - 5*b + 10. Let s be -4 + (16 - 4) - 5. What are the prime factors of r(s)?
2, 83
Let a = -5894 - -25664. List the prime factors of a.
2, 3, 5, 659
Let h = 22519 - 7164. What are the prime factors of h?
5, 37, 83
Suppose -4*s + 3*z + 378 = 0, z + 353 - 72 = 3*s. Let k = s + -86. Suppose -g = k*g - 488. List the prime factors of g.
61
Suppose -3*f - 77 = -5*h + 42, 0 = 3*f + 5*h + 109. Let x = 233 - 365. Let a = f - x. What are the prime factors of a?
2, 47
Let w(o) = -7339*o + 7245. List the prime factors of w(-5).
2, 5, 13
Suppose -151 = 8*m + 113. List the prime factors of ((-11)/(m/(-18)))/(14/(-399)).
3, 19
Suppose m - 3*m = -i - 6, -15 = -5*m. Suppose i = -5*h + v + 927, 4*h = 4*v + 779 - 31. What are the prime factors of h?
5, 37
Let l be ((-8)/(-3))/(40/660). Let f = 15 - 6. Suppose l = z - 4*u, 0*z + z + 3*u - f = 0. List the prime factors of z.
2, 3
Let m(z) = 16*z + 83. Let i be m(-6). Let x(o) = -61*o - 101. What are the prime factors of x(i)?
2, 173
Suppose -3*g - 193 + 826 = 0. Suppose 1630 = 43*a + 6489. Let x = a + g. List the prime factors of x.
2, 7
Let j(v) = -5*v - 13. Let b be j(-5). Suppose b*y - 5 = 17*y. What are the prime factors of -9 + 49 - 4*y?
2, 11
Let k(p) = -8*p**3 - 16*p**2 - 84*p - 1711. List the prime factors of k(-16).
3, 5, 17, 37
Suppose -4*h = 4, -2824 - 3752 = -5*x - 4*h. What are the prime factors of x?
2, 7, 47
Let i(c) = -3*c**3 + 111*c**2 + 2*c + 22. Let f be i(37). Let k be 2/(-1) + 53 + -3. Let p = f - k. List the prime factors of p.
2, 3
Let p(b) = -b**3 + 2*b - 1. Let n be p(-2). Let d be ((-14)/(-2))/((-1)/n). Let y(s) = -4*s - 2. What are the prime factors of y(d)?
2, 41
Suppose -h + 5260 = 7*l - 6*l, 0 = 6*h - l - 31581. What are the prime factors of h?
19, 277
Suppose -15038 = 135*z - 137*z. Suppose 74 = -5*r + z. What are the prime factors of r?
1489
Let k be -294*(8/(-4))/6. Suppose -3*f + k = d + 4*d, -4*f + d + 169 = 0. Suppose 3*g - f = 22. List the prime factors of g.
3, 7
Let f(g) = -g**3 + 10*g**2 + 7*g + 8. Let r(i) = -5*i**3 + 51*i**2 + 35*i + 39. Let p(h) = 11*f(h) - 2*r(h). What are the prime factors of p(7)?
2, 3
What are the prime factors of ((-72)/18 - 27/(-3))*1 - -42841?
2, 3, 37, 193
Suppose 0 = 5*v - 4*k - 147099, -5*k - 76682 = -4*v + 41008. List the prime factors of v.
3, 5, 37, 53
Suppose 0 = 2*n + 4*k + 164460, 3*k + 2*k = -n - 82227. Let c be 3/(-5) - n/95. Suppose -165 = -5*p + c. What are the prime factors of p?
2, 103
List the prime factors of (-141386)/(-21) - 6/9.
2, 3, 11, 17
Let h = 19 + -15. Suppose -h*o + 2*p = -p - 5, -o + 7 = 5*p. Suppose 3*c - o*c = 16. List the prime factors of c.
2
Suppose 408 = 7*o - 26. Suppose q + o = 68. Suppose q*w = -w + 560. List the prime factors of w.
2, 5
Let s(i) = -4*i**2 - 8*i - 6. Let t be s(-5). Let b = -59 + t. Let o = 175 - b. List the prime factors of o.
2, 3, 5
Let h(z) = 1212*z + 5314. What are the prime factors of h(14)?
2, 13, 857
Suppose 526 = -8*v + 24169 + 91165. What are the prime factors of v?
113, 127
List the prime factors of (-5 + 0)*(-147255)/75.
9817
Let i(h) = -23*h**3 + 44*h**2 + 12*h - 1. List the prime factors of i(-7).
2, 3, 5, 83
Suppose 3 = 2*m - 1. Let o(v) = 2*v**2 - 2*v. Let z be o(m). Suppose 3*q = 3*c + 3 + 63, -z*q + 96 = 4*c. What are the prime factors of q?
23
List the prime factors of (2 - (-1 + 85/30)) + (-59021)/(-6).
3, 1093
Suppose -n - 4*l - 74 - 262 = 0, -4*l = 3*n + 1000. Let s = -198 - n. List the prime factors of s.
2, 67
Let s(y) = -4630*y - 652. What are the prime factors of s(-4)?
2, 3, 1489
Let a = 37 + -35. Suppose d = 5*c + 78, -c + 24 + 121 = a*d. Let g = d + -11. What are the prime factors of g?
2, 31
Let w = 21558 + -11032. List the prime factors of w.
2, 19, 277
Suppose 0 = f + 4*f - 15, -3*f = 4*b - 2257. Suppose -390*v = -388*v - b. List the prime factors of v.
281
Let n(m) = 2*m - 3. Let g be n(-6). Suppose -27 - 5 = -c - 2*h, 5*c = 2*h + 172. Let d = g + c. What are the prime factors of d?
19
Let s be 3*(-30)/27*87. Let r = s - -663. List the prime factors of r.
373
List the prime factors of ((-321750)/(-132))/((-6)/(-8)).
2, 5, 13
Suppose 138*l = 132*l + 138. Suppose -l*g + 386 + 2167 = 0. List the prime factors of g.
3, 37
Let v = 35533 - 24390. What are the prime factors of v?
11, 1013
Suppose 3*j - 199*w + 195*w - 24975 = 0, -33300 = -4*j - 4*w. What are the prime factors of j?
3, 5, 37
Suppose 33 - 31 = -f. List the prime factors of (-56)/14*(f - (-3)/2).
2
Let i = -834 + 1993. Suppose -5*s - i = -3*u, u = -u - 2*s + 762. List the prime factors of u.
383
Suppose 4*h - 16636 - 4653 = -5*p, 5*p = -5*h + 26610. What are the prime factors of h?
17, 313
Let v be (-32)/96 - ((-3836)/6 - -1). Let d = v + -325. What are the prime factors of d?
313
Let n(w) = 176*w**3 + 5*w**2 + 7*w - 5. Let m be n(4). List the prime factors of 4/16 - m/(-36).
2, 79
Suppose -60 = 9*l - 14*l. Suppose -28 = -4*k - 4*f, 3*k + 2*f = 2*k + l. Suppose -k*p = -17*p + 1500. List the prime factors of p.
2, 5
Suppose 2*z - v = z + 241, 5*z = 4*v + 1209. Let m be (2 + 1/(-1) - -1)/1. Suppose -m*f = 5*n - 475, 5*f - z = -3*n + 40. List the prime factors of n.
5, 19
Let a(f) be the third derivative of -f**6/40 + f**5/20 + f**4/6 + 17*f**3/3 + 328*f**2. List the prime factors of a(-6).
2, 383
Suppose 178605 = 23*c - 8*c. Suppose 1726*f + c = 1733*f. List the prime factors of f.
3, 7
Let r be (-1)/((-2)/(-6)) + (-36 - -1). List the prime factors of 4/r - (-498492)/1159.
2, 5, 43
Suppose -6*s = -34264 - 52862 + 20316. What are the prime factors of s?
5, 17, 131
Suppose 309*w - 90720 = 289*w. List the prime factors of w.
2, 3, 7
Suppose l = m + 84, -2*l + 6*l - m - 333 = 0. Suppose -l*a = -79*a - 2300. What are the prime factors of a?
5, 23
Suppose 0 = f - 3*h + 3, -f + 8 = -2*h + 10. List the prime factors of f - (-54)/45*(-2500)/(-6).
2, 5
Let j = 1834 - 167. Let g = -933 + j. What are the prime factors of g?
2, 367
Let s = -3 + 11. Suppose s*j - 7*j - 3 = 0. S